105 = 0. Calculate the greatest common factor of 1092 and j.
21
Suppose -191 - 129 = -4*n. What is the greatest common factor of 32 and n?
16
Suppose r - 6 = -2, 5*r = 2*n - 890. What is the greatest common divisor of n and 70?
35
Let w(h) = 14*h + 1246. Let d be w(-62). Calculate the greatest common divisor of d and 14.
14
Let a(f) = -8*f + 12. Let i be a(0). What is the greatest common divisor of 8 and i?
4
Suppose -2*f = 2*a - 14, -2*a - 35*f + 34*f + 15 = 0. Calculate the highest common factor of 52 and a.
4
Let w be ((-6)/(-4))/((-24)/(-4960)*5). What is the greatest common factor of 62 and w?
62
Suppose -3*w - w = -20. Let r = -6 - -26. What is the greatest common divisor of w and r?
5
Suppose -133*r + 136*r = 0, -k - r + 147 = 0. Calculate the greatest common factor of 196 and k.
49
Let p be (2*(-81)/63)/(2/(-84)). Calculate the greatest common divisor of p and 396.
36
Let z = -30 + 30. Suppose z = -3*p - 0 + 9. Let y = 34 + -19. Calculate the greatest common divisor of p and y.
3
Let o be ((-1)/3)/(5/165). Let m = -35 - o. Let p be ((-160)/12)/(4/m). What is the highest common factor of p and 10?
10
Let b be -6 - (-13 - (-1 - -6)). What is the highest common factor of b and 30?
6
Let r = -498 - -582. Calculate the highest common factor of 112 and r.
28
Suppose -28 = -a - 3. Let w = -140 - -200. Let t be 4/(-6) - (-4540)/w. What is the highest common factor of t and a?
25
Suppose c = w - 10, -5*w - 1 = -2*c - 18. Let q = -5 - c. Suppose -h + 51 = 3. Calculate the greatest common divisor of q and h.
6
Suppose 416 = 2353*a - 2327*a. Let b be (-4)/14 + 58/7. What is the highest common factor of a and b?
8
Suppose 5*p - r - 1829 = 0, -p + 5*p + 5*r - 1469 = 0. What is the greatest common factor of p and 244?
122
Let p(r) = -r**3 + 17*r**2 + 15*r + 5. Let f be p(15). What is the highest common factor of f and 5?
5
Let u be -3 - ((-278)/10 + (-320)/(-400)). Suppose j - 3*y = -0*j + 75, -5*j + y + 305 = 0. Calculate the highest common divisor of j and u.
12
Let q = 22 + -85. Let k = q + 81. What is the highest common factor of k and 126?
18
Suppose 122 - 423 = -u. Suppose -2*w + 346 = -0*w. Let z = u - w. Calculate the greatest common divisor of 16 and z.
16
Let v(q) = q**3 + 10*q**2 + 11*q - 7. Let a be v(-7). What is the greatest common divisor of 7 and a?
7
Suppose 3*h = -h + 2*o + 40, 4*h - 48 = -2*o. Calculate the highest common divisor of h and 44.
11
Suppose -3*y = a - 60 - 22, -y + 54 = -5*a. Suppose -3*s + 0*s + 174 = 0. Calculate the highest common factor of y and s.
29
Let b(o) = 4*o - 31. Let k be b(10). Let s(d) = 5*d - 13. Let w be s(k). Suppose -t + 4 = -4. What is the greatest common factor of t and w?
8
Let k(l) = l**3 - 9*l**2 + 7*l + 11. Let p be k(8). Suppose 0 = -3*u + s + 109, 2*s - 30 = -p*u + 67. Calculate the greatest common divisor of 14 and u.
7
Suppose -222*j + 226*j = 244. Calculate the highest common factor of j and 1.
1
Suppose -5*z = 5*w - 10, -w + 2 = 3*z - 2. Let p be (38/(-8) + 4)/(z/(-16)). Suppose 4*n - n - 36 = 0. What is the highest common divisor of n and p?
12
Let i(d) = d**2 - 11*d - 42. Let n be i(14). Suppose -q + n*q + 9 = 0. What is the highest common divisor of 81 and q?
9
Let n(u) = 2*u**3 - 2*u**2 - 8*u + 3. Let g be n(3). Let m(v) = 16*v**2 - 2*v - 3. Let a be m(3). Calculate the highest common factor of a and g.
15
Let y(s) = 5 - 3 - 1 - 2 - s. Let g be y(-7). Suppose g*p - 10*p = -72. What is the greatest common divisor of 72 and p?
18
Let m be (1 + 1 - -40) + (-402)/(-67). Calculate the highest common factor of m and 300.
12
Suppose -5695 = 61*x - 36195. Calculate the greatest common divisor of 80 and x.
20
Let a = -235 + 252. What is the highest common divisor of 272 and a?
17
Let p be (-8 + (-8)/(-12))*(-54)/4. Calculate the greatest common divisor of p and 9.
9
Suppose 12 = -n - 5*k + k, -5*n = 3*k - 8. Suppose -z + 55 = -4*a, 4*a = z + 3*z - 196. Let m = z - 19. What is the greatest common divisor of n and m?
4
Let y be (42/(-28))/(6/(-8)). Let k be y/3*11*3. What is the greatest common divisor of k and 22?
22
Let k = -19 - -39. Let z be 2/(39/156 + (1 - 1)). Calculate the highest common factor of k and z.
4
Let s(g) = 51*g + 20. Let z(n) = -26*n - 10. Let f(m) = -3*s(m) - 5*z(m). Let k be f(-11). What is the highest common divisor of k and 27?
27
Let c = -283 + 304. What is the greatest common divisor of c and 301?
7
Let p be ((-300)/80)/(1/(-8)). Suppose 2*y + j - 93 = 0, y = -y + 2*j + 84. What is the greatest common divisor of p and y?
15
Suppose 3*y = -24*f + 26*f + 3866, -3*y + 3*f = -3867. What is the highest common divisor of y and 7?
7
Let x(h) = -80*h**3 - 2*h**2 + 2*h + 4. Let z(r) = -2*r**2 - 16*r - 1. Let l be z(-8). Let t be x(l). Calculate the greatest common factor of 20 and t.
20
Let f be 9*1*((-6)/(-2) + -2). Suppose -y + 15 = -f. Let d be ((-3)/(-2))/((-4)/(-32)). What is the greatest common factor of y and d?
12
Suppose -5*w + 0*x - 2*x + 2 = 0, -x = -1. Suppose w - 6 = -n. Let j(b) = -43*b - 1. Let z be j(-1). Calculate the greatest common factor of n and z.
6
Let f(u) = -3*u**3 - 2*u - 2 + 1 + 3 + 2*u**3. Let b be f(0). What is the greatest common factor of b and 6?
2
Let w(d) = -2*d**3 - 13*d**2 - 13*d - 2. Let r be w(-6). Calculate the greatest common factor of 40 and r.
40
Let b be ((-220)/270*-9)/(2/9). What is the greatest common factor of b and 253?
11
Let k(z) = 2*z**2 - 7*z + 6. Let j(l) = 2*l + 10. Let w be j(-8). Let d be k(w). Let t be -3 - d/(2*-2). Calculate the greatest common factor of t and 9.
9
Let x = -3 + 4. Let k(q) be the first derivative of q**4/4 - q**3 - q**2/2 - 4*q - 7. Let z be k(4). Calculate the greatest common factor of z and x.
1
Let x = 17 + -13. Suppose -x*v + 64 = -0. What is the highest common divisor of v and 8?
8
Suppose -2*m + 4*h + 16 = 0, 3*m = -2*m - 5*h + 85. Let u be (-1572)/(-14) - (-15)/(1155/(-22)). Calculate the greatest common divisor of u and m.
14
Let j be 3/(137/(-70) - -2). Let z(d) = d**3 - 14*d**2 - d + 196. Let f be z(13). Calculate the greatest common divisor of f and j.
14
Let u(k) = -k**3 + 6*k**2 + 15*k - 90. Let d be u(-10). What is the highest common divisor of 80 and d?
80
Let d be (-3)/6*4 - -254. Let f(z) = -4*z + 4. Let y be f(-6). Calculate the greatest common divisor of d and y.
28
Suppose v + m - 436 = -0*m, 3*v - 1298 = -5*m. What is the greatest common divisor of v and 21?
21
Suppose -3*a = 5*t - 80, a - 2*t - 23 - 22 = 0. Let i = 47 - a. What is the greatest common divisor of 24 and i?
12
Suppose 10*k - 24*k = -588. Let a be (4/(-14) - 51/k)*-22. Calculate the highest common divisor of a and 33.
33
Suppose 0 = -13*k + 6*k + 182. What is the greatest common divisor of k and 338?
26
Let i be (-4860)/306 + 4/(-34). Let b = i + 30. What is the highest common factor of b and 28?
14
Let c(x) = 7*x + 2*x + 91 - 4*x - 86. Let d be c(12). Suppose -55 = -5*t - 2*o, -t - 5*o - 12 = -0*t. What is the highest common factor of t and d?
13
Let l be (-2)/(-3) - (-14)/(-3). Let c be 2/(-8) - 109/l. Suppose -65 = -3*a - 11. Calculate the greatest common factor of c and a.
9
Let i(h) = 4*h - 7. Let w be (8 + 2)/((-6)/(-3)). Let f be i(w). Suppose -k + 93 = 2*z - 12, 0 = z - 3*k - 49. Calculate the greatest common factor of f and z.
13
Let a(l) = 27*l**2 - 16*l + 77. Let j be a(5). What is the highest common factor of 28 and j?
28
Let v = 14309 + -14300. Suppose -3*b + 83 = -268. What is the greatest common divisor of b and v?
9
Let w be (1876/201)/((-1)/(-3)). Calculate the greatest common factor of w and 20.
4
Let n(w) = w**2 + 18*w + 36. Let t be n(-18). Calculate the highest common factor of 30 and t.
6
Let n(z) = z**3 - 3*z**2 - 15*z - 8. Let u be n(6). What is the highest common divisor of 10 and u?
10
Let o = 270 - 265. Let s be 1 - 0 - (3 + -137). Suppose -s = -o*k - c, -135 = -5*k - 0*c - 2*c. What is the highest common divisor of 3 and k?
3
Let p = 65 - 25. Let c be (-1 - 6/(-3))*11. Let b = c - 3. Calculate the greatest common divisor of b and p.
8
Let h be 12/(-4) + 6 - (-11 + 2). Suppose 9 = 3*u + a - 9, 2*u - 2*a - h = 0. What is the highest common factor of 78 and u?
6
Let j(v) = -v**3 - 12*v**2 + 29*v + 28. Let s be j(-14). Calculate the greatest common divisor of 14 and s.
14
Suppose 16 = -34*v